{"id":12,"date":"2022-06-08T18:40:03","date_gmt":"2022-06-08T21:40:03","guid":{"rendered":"http:\/\/shop.ricochet.uno\/?post_type=product&#038;p=12"},"modified":"2025-07-15T14:44:21","modified_gmt":"2025-07-15T17:44:21","slug":"stockhausen","status":"publish","type":"product","link":"https:\/\/shop.ricochet.uno\/index.php\/product\/stockhausen\/","title":{"rendered":"Stockhausen es funcional al imperialismo"},"content":{"rendered":"<p><em>Stockhausen es funcional al Imperialismo,<\/em> de Cornelius Cardew. Primera edici\u00f3n en castellano de este libro publicado originalmente en 1974. Texto seminal para quien le interese el cruce entre la m\u00fasica experimental y la pol\u00edtica durante la d\u00e9cada del &#8217;70.<\/p>\n<p>190 p\u00e1ginas, ByN, soft cover.<\/p>\n","protected":false},"excerpt":{"rendered":"<p>Publicado por primera vez en espan\u0303ol, el texto de Cornelius Cardew es fundamental para quien le interese el cruce entre la musica experimental y la politica durante la decada del &#8217;70.<\/p>\n","protected":false},"featured_media":486,"comment_status":"open","ping_status":"closed","template":"","meta":{"_monsterinsights_skip_tracking":false,"_monsterinsights_sitenote_active":false,"_monsterinsights_sitenote_note":"","_monsterinsights_sitenote_category":0},"product_brand":[],"product_cat":[17],"product_tag":[],"class_list":{"0":"post-12","1":"product","2":"type-product","3":"status-publish","4":"has-post-thumbnail","6":"product_cat-books","8":"first","9":"instock","10":"shipping-taxable","11":"purchasable","12":"product-type-simple"},"aioseo_notices":[],"jetpack_sharing_enabled":true,"_links":{"self":[{"href":"https:\/\/shop.ricochet.uno\/index.php\/wp-json\/wp\/v2\/product\/12","targetHints":{"allow":["GET"]}}],"collection":[{"href":"https:\/\/shop.ricochet.uno\/index.php\/wp-json\/wp\/v2\/product"}],"about":[{"href":"https:\/\/shop.ricochet.uno\/index.php\/wp-json\/wp\/v2\/types\/product"}],"replies":[{"embeddable":true,"href":"https:\/\/shop.ricochet.uno\/index.php\/wp-json\/wp\/v2\/comments?post=12"}],"version-history":[{"count":2,"href":"https:\/\/shop.ricochet.uno\/index.php\/wp-json\/wp\/v2\/product\/12\/revisions"}],"predecessor-version":[{"id":488,"href":"https:\/\/shop.ricochet.uno\/index.php\/wp-json\/wp\/v2\/product\/12\/revisions\/488"}],"wp:featuredmedia":[{"embeddable":true,"href":"https:\/\/shop.ricochet.uno\/index.php\/wp-json\/wp\/v2\/media\/486"}],"wp:attachment":[{"href":"https:\/\/shop.ricochet.uno\/index.php\/wp-json\/wp\/v2\/media?parent=12"}],"wp:term":[{"taxonomy":"product_brand","embeddable":true,"href":"https:\/\/shop.ricochet.uno\/index.php\/wp-json\/wp\/v2\/product_brand?post=12"},{"taxonomy":"product_cat","embeddable":true,"href":"https:\/\/shop.ricochet.uno\/index.php\/wp-json\/wp\/v2\/product_cat?post=12"},{"taxonomy":"product_tag","embeddable":true,"href":"https:\/\/shop.ricochet.uno\/index.php\/wp-json\/wp\/v2\/product_tag?post=12"}],"curies":[{"name":"wp","href":"https:\/\/api.w.org\/{rel}","templated":true}]}}